j + 52 = 0. What is the tens digit of j?
1
Let g(v) be the second derivative of v**4/12 + 5*v**3/3 - 7*v**2/2 + v. Let a = 134 - 145. What is the units digit of g(a)?
4
Let s = -444 + 654. What is the hundreds digit of s?
2
Suppose -k - 2 = -3*x + 2*x, -k = -4*x + 8. What is the units digit of x?
2
Let q(n) = n**3 + 2*n**2 - 2*n + 3. Let a be q(-3). Suppose -5*j + 10*j - 160 = a. What is the tens digit of j?
3
Let a = -46 - -64. Let j = 30 - a. What is the tens digit of j?
1
Suppose 0 = -9*a + 10*a - 4. Suppose -a*q + 9*q = 115. What is the tens digit of q?
2
Let z be 6/(-21) + 23/7. Suppose -a - z*p = -37 + 4, -4*a + 117 = -3*p. What is the tens digit of a?
3
Let c(x) = 169*x**3 + 2*x**2 - 1. What is the hundreds digit of c(1)?
1
Suppose -3*y - 4*o = -4*y - 20, -o = -4. Let v be 23 - 0/(y/(-2)). Suppose -3*m - v = -b, -6*m = 5*b - 3*m - 61. What is the tens digit of b?
1
Suppose -2*g = -0*g. Suppose -t - 4*y = -0*y - 24, 4*t + y - 66 = g. What is the tens digit of t?
1
Let v = 12 - 24. Let n(y) = -2*y - 16. What is the units digit of n(v)?
8
Suppose -2*x + 0*x = 5*z - 1167, 3*x = 5*z - 1187. What is the units digit of z?
5
Suppose 0 = -h - 2*h + 12. Suppose -4*y + h*l = -172, 0*l - 53 = -y - 4*l. What is the units digit of y?
5
Let y(z) = 28*z**2 + 2*z + 1. What is the tens digit of y(-1)?
2
Let r be 237/9 + (-2)/6. Suppose 9 + r = a. Suppose 2*d = 7*d - 3*p - a, -p = 4*d - 11. What is the units digit of d?
4
Suppose 0 = -2*z + 123 + 41. What is the units digit of z?
2
Let x be (-2)/(-3) - 16/6. Let p = x + 8. Suppose 3*g + 0 = p. What is the units digit of g?
2
Suppose -2*n + 3*a = 6*a + 1, 4*n - 2*a - 22 = 0. Suppose -s = -3*k - 4*s + 15, -26 = -n*k + 2*s. Let j = k - 5. What is the units digit of j?
1
Suppose 7*p = 2*p + 395. Suppose -3*m - r = -3*r - 139, 3*m = -r + 142. Suppose -5*t - 3*a = -p, -m = -3*t - a - a. What is the tens digit of t?
1
Suppose -u = -x + 3*x + 22, 4*u = x + 20. Let f = x - -4. What is the units digit of (-1)/(1/(f - -1))?
7
Suppose -2*n - j - 6 = 0, -4*n = j + 16 - 6. Let l be 2*1*4/n. Let v = 20 + l. What is the units digit of v?
6
Let i = -286 + 567. What is the tens digit of i?
8
Let r(o) = o**2 - 8*o + 15. What is the units digit of r(-10)?
5
Let c(z) = -z**3 - 4*z**2 - 3*z + 1. Let h be c(-3). Suppose -5*k - 4 = 5*t + h, 0 = -3*t - 5*k - 9. What is the units digit of t?
2
Let r(c) = c**2 + 19*c - 4. What is the units digit of r(9)?
8
Let n(r) = 33*r**3 - r**2 - r + 1. Suppose 6*p - 7*p + 1 = 0. Let f be n(p). Suppose -3*o + 8 = x, -3*o - f + 10 = -5*x. What is the units digit of x?
5
Let h(u) = u**3 + 6*u**2 - 7*u - 4. Let r be h(-7). Let w be (-1)/r - (-82)/(-8). Let x = 19 + w. What is the units digit of x?
9
Suppose 3*k + 22 = -5*h, 5*k + 5*h + 22 = 4*h. Let w = k + -16. What is the units digit of (5/(-2))/(5/w)?
0
Suppose 0*y = -y + 75. Suppose 0 = -5*v - 5 + y. What is the tens digit of v?
1
Let y(j) = -j + 7. Suppose 2*z + n - 1 = 0, 4*z - 3*n = -0*n - 23. Let q(x) = 3. Let i(o) = z*y(o) + 5*q(o). What is the units digit of i(1)?
3
Let u(r) = 2*r**2 + 13*r + 14. What is the tens digit of u(-11)?
1
Suppose l + 2*l - 6 = 0. Let q be l/(-6) - (-10)/3. Suppose -u + q*u = 42. What is the tens digit of u?
2
Suppose 4*z - 14 = -3*b + 2, 0 = 4*z - 2*b + 4. Let f be z/(-3) + (-40)/(-12). Suppose -f*j - 2*j = -5. What is the units digit of j?
1
Suppose -4*i = -2*x - 180 - 26, -2*i + 108 = 4*x. What is the tens digit of i?
5
What is the hundreds digit of (-4 - -1) + (148 - (-25)/5)?
1
Let k(d) = -d**3 - 2*d - 2. What is the units digit of k(-4)?
0
Let s(l) = 6*l**2. Let h(p) = 4*p**2 + 2*p + 1. Let c be h(-1). Suppose 0*z = -5*q - c*z + 14, 5*q + 2*z - 11 = 0. What is the units digit of s(q)?
6
Suppose 0 = 6*x - 292 - 200. What is the units digit of x?
2
Suppose 1406 = 4*w - 3*v, -349 = 3*w - 4*w + 2*v. What is the hundreds digit of w?
3
Let q be 18/(-30) - (-206)/10. Suppose -b = 2*b + 5*v - q, -10 = -2*b - 4*v. What is the tens digit of b?
1
Suppose 8*g - 4*g = 524. What is the hundreds digit of g?
1
Suppose -93 = -8*f + 5*f. What is the units digit of f?
1
Let j be (-2)/(-10) + (-2)/10. Suppose 3*x = -x - 20, j = 3*o - 5*x - 103. What is the tens digit of o?
2
Let k(g) = -7 + 0 + 1 + 1 - 2*g. What is the units digit of k(-5)?
5
What is the hundreds digit of (6/(-4))/((-60)/6640)?
1
Let x(d) = -d**2 + 5*d. Let c be x(4). What is the units digit of c/3 - (-2)/(-6)?
1
Suppose 2*m = 0, 2*d = -2*d + 4*m + 52. Let z = d + -6. Suppose -2*x - 3 + z = 0. What is the units digit of x?
2
Let z be 435/3 + -3 + 0. Suppose -3*c - z - 18 = -5*o, c + 128 = 4*o. What is the tens digit of o?
3
Let s = -1 - -1. Suppose 2*r - z = 103, s*z + 142 = 3*r - 4*z. What is the units digit of (-2)/9 - (-714)/r?
3
Let q(j) = 5*j**3 + j**2 - j - 1. Let g be q(-1). Let x(d) = d**3 + 3*d**2 - 3*d + 4. Let z be x(g). Suppose -16 = -z*c - 2*c. What is the units digit of c?
8
Let u(v) = v**2 - 4*v + 3. Let l be u(7). Suppose -q + 2*q - l = 0. What is the units digit of q?
4
Let n = 26 - 10. What is the tens digit of n?
1
Let u(w) = -w**3 - 5*w**2 + 9*w + 4. Let z be u(-6). Let s be z/(-10) - (-4)/(-10). Suppose o - 3 = s. What is the units digit of o?
4
Suppose -h + 6*h = 15. Suppose 0 = -h*g - 0*g + 6. Let z = 4 + g. What is the units digit of z?
6
What is the hundreds digit of (-1 - -9)*(148/4 - 3)?
2
Let i be 5 - (0 + -1 + 0). Let z(w) = -8 - 1 + 3*w + 1 - 1. What is the units digit of z(i)?
9
Suppose -5 = -y - 1, 2*q - y = 4. Suppose -7 = -q*h + 41. What is the tens digit of h?
1
Suppose -11*c = -12*c + 73. What is the units digit of c?
3
What is the tens digit of 1275/25 - (-6)/(2/(-1))?
4
Let q(t) = 2*t**2 + 5*t - 11. Let z be q(-5). Suppose 5*w - 7*w + z = 0. What is the units digit of w?
7
Let h be (-5)/((-15)/6) + 0. Suppose -y + 1 - h = 0. What is the units digit of ((-9)/15)/(y/5)?
3
Let w(t) = t**3 + 8*t**2 - 6*t - 11. Let l be w(-8). What is the units digit of 2/6*(l - 7)?
0
What is the tens digit of (6 - 2)*(-45)/(-3)?
6
Suppose 30 = a + 3. What is the units digit of a?
7
Suppose 14 = 2*d - 2*c, 5*c + 23 = 4*d + 2*c. Suppose -s + 15 = d*s. What is the units digit of s?
5
Let z = -2 - -86. What is the tens digit of z?
8
What is the units digit of (-4084)/(-10) + (-38)/95?
8
Suppose -6 = 2*x + d, 4*x + 0*d - 2*d = -4. Let o be (-18)/x - (1 - 3). Suppose f = -2 + o. What is the units digit of f?
9
Let x = 1 + 0. Suppose -c - 3*c = 0. Suppose -2*t + m + 5 = c, -2*m + m = t - x. What is the units digit of t?
2
Suppose 2*t = 4*d - 22, 0*d + t - 7 = -d. Let i be 6/(-9)*(-23 + -1). Suppose i = 4*g, -d + 2 = -3*y + 5*g. What is the units digit of y?
8
Let s = 3 - -5. Let w = 16 - s. What is the units digit of w?
8
Let w = 10 - 5. Suppose z - w = 7. What is the tens digit of z?
1
Suppose m - 2*g - 1 = 0, 5*g - 4 = -2*m + 7. What is the units digit of m?
3
Suppose -s = 2*k - 9 - 0, -2*s = -3*k + 3. Let y(j) = -j**2 + 5*j**2 + j**s + j + 0*j**2 + 3. What is the units digit of y(-3)?
9
Suppose 0 = -4*j + 114 - 2. What is the tens digit of j?
2
Let s(r) = r**3 + 8*r**2 - 4*r - 1. What is the units digit of s(-8)?
1
Let v(j) = j**3 - 5*j**2 + 2*j + 3. Let f be v(4). Let o(g) = -g**2 - 6*g + 5. What is the tens digit of o(f)?
1
What is the units digit of 2*49 + (-2 - -2)/(-3)?
8
Suppose 276 = 2*o - 2*y, -681 = -5*o - 2*y + 4*y. What is the hundreds digit of o?
1
What is the tens digit of 0 + 29 - (0 + 4)?
2
Let p = 4 + 1. Suppose -2*c = 5*r + p, -3*c - 10 = r + 4*r. What is the units digit of 5*-3*1/c?
3
Suppose 5*f - 180 = -2*g, -3*f - g + 2*g + 119 = 0. What is the units digit of f?
8
Suppose 4*n - n - 171 = 0. What is the tens digit of n?
5
Let s = 28 - 18. What is the units digit of (-50)/15*(-36)/s?
2
Let b(q) = -q**2 - 1 - 5 - q + 14*q. Let f be b(6). Suppose -3*l = 5*v - v - f, -2*l = v - 14. What is the units digit of v?
6
Let z(p) = 4*p**3 - p. Let h be z(2). Let l = -14 + h. Suppose m + 4*f - l = -4*m, 3*f - 9 = -3*m. What is the units digit of m?
4
Let z be 2/(4/(-2) - -1). What is the units digit of ((-432)/40)/(z/5)?
7
Suppose -2*w - 4*v + 46 = 0, 4*w - 2*v - 92 = -0*w. Let n be 10/(-8)*(-5 + 1). Suppose -l = i - 6, w = 3*l - n*l + 5*i. What is the units digit of l?
1
Suppose -5*s - 2 - 23 = 0. Let r = -1 - s. What is the units di